ase 7) to base 14.
-4
-aa (base 11) to base 14
-88
What is -13 (base 10) in base 15?
-d
Convert -ca (base 13) to base 16.
-a6
What is -14 (base 6) in base 13?
-a
Convert 2 (base 15) to base 7.
2
What is -5 (base 12) in base 6?
-5
0 (base 14) to base 6
0
What is -10 (base 7) in base 14?
-7
-26 (base 8) to base 2
-10110
What is 8 (base 10) in base 9?
8
Convert -33 (base 7) to base 10.
-24
What is -1132 (base 4) in base 14?
-6a
23 (base 10) to base 3
212
Convert -5 (base 16) to base 8.
-5
16 (base 10) to base 7
22
What is 1101111 (base 2) in base 7?
216
Convert 46 (base 16) to base 8.
106
6 (base 10) to base 9
6
Convert 44 (base 10) to base 7.
62
Convert -100101110 (base 2) to base 16.
-12e
Convert -2 (base 3) to base 15.
-2
Convert -2 (base 3) to base 4.
-2
324 (base 6) to base 9
147
What is 9 (base 13) in base 2?
1001
What is 131 (base 11) in base 14?
b1
What is -52 (base 12) in base 4?
-332
24 (base 16) to base 2
100100
What is -27 (base 10) in base 9?
-30
What is -39 (base 12) in base 8?
-55
Convert 125 (base 7) to base 9.
75
59 (base 12) to base 16
45
Convert 1030 (base 7) to base 10.
364
Convert -1 (base 13) to base 15.
-1
f8 (base 16) to base 15
118
Convert -25 (base 16) to base 10.
-37
30 (base 10) to base 8
36
-d3 (base 16) to base 3
-21211
What is 3 (base 5) in base 7?
3
-4 (base 11) to base 7
-4
Convert 1001 (base 2) to base 4.
21
Convert 2 (base 14) to base 11.
2
Convert -12 (base 13) to base 12.
-13
261 (base 9) to base 14
117
-3 (base 12) to base 9
-3
What is -3 (base 13) in base 12?
-3
What is 2 (base 11) in base 7?
2
What is -2 (base 9) in base 12?
-2
What is -41 (base 9) in base 14?
-29
What is -1 (base 14) in base 10?
-1
What is 1 (base 2) in base 6?
1
What is -32 (base 13) in base 14?
-2d
What is 12 (base 9) in base 6?
15
What is -11 (base 3) in base 10?
-4
Convert -7 (base 8) to base 14.
-7
Convert 0 (base 16) to base 7.
0
-4 (base 5) to base 7
-4
-2 (base 14) to base 9
-2
Convert -26 (base 14) to base 13.
-28
Convert 5 (base 15) to base 3.
12
Convert -40 (base 14) to base 2.
-111000
Convert -13 (base 9) to base 14.
-c
What is 511 (base 7) in base 12?
191
What is 0 (base 13) in base 6?
0
1000011 (base 2) to base 5
232
Convert -1 (base 13) to base 11.
-1
Convert -5 (base 12) to base 2.
-101
36 (base 7) to base 2
11011
271 (base 9) to base 15
101
What is 224 (base 10) in base 13?
143
Convert -104 (base 10) to base 7.
-206
Convert -24 (base 6) to base 15.
-11
3 (base 4) to base 9
3
What is 3 (base 16) in base 4?
3
1d (base 14) to base 12
23
-128 (base 9) to base 2
-1101011
1 (base 13) to base 10
1
7 (base 16) to base 2
111
Convert -8 (base 10) to base 9.
-8
3 (base 16) to base 6
3
What is -1 (base 11) in base 8?
-1
What is -4 (base 14) in base 6?
-4
2 (base 13) to base 4
2
-a (base 14) to base 9
-11
What is 1 (base 16) in base 9?
1
10 (base 2) to base 14
2
What is 261 (base 8) in base 12?
129
What is -221 (base 6) in base 11?
-78
-1111 (base 2) to base 8
-17
What is 8 (base 9) in base 6?
12
What is -101 (base 3) in base 14?
-a
-3 (base 14) to base 8
-3
115 (base 8) to base 9
85
What is -13 (base 7) in base 11?
-a
What is 8a (base 16) in base 11?
116
What is -72 (base 14) in base 5?
-400
4 (base 8) to base 10
4
What is -1 (base 13) in base 14?
-1
0 (base 8) to base 9
0
What is 5 (base 10) in base 3?
12
What is 1 (base 13) in base 8?
1
What is 4 (base 7) in base 13?
4
What is -2 (base 9) in base 13?
-2
Convert -8 (base 10) to base 7.
-11
Convert -2 (base 6) to base 10.
-2
Convert 18 (base 16) to base 3.
220
Convert -100001 (base 2) to base 16.
-21
What is 18 (base 10) in base 8?
22
What is 1 (base 11) in base 15?
1
Convert 114 (base 8) to base 12.
64
Convert 100 (base 8) to base 13.
4c
-123 (base 4) to base 15
-1c
Convert -200 (base 5) to base 16.
-32
What is -7 (base 8) in base 13?
-7
Convert 3 (base 10) to base 8.
3
-2 (base 14) to base 4
-2
What is -12 (base 5) in base 8?
-7
What is -56 (base 8) in base 14?
-34
3c (base 16) to base 3
2020
What is 1110111 (base 2) in base 5?
434
What is 1a (base 16) in base 15?
1b
What is -33 (base 12) in base 3?
-1110
11111011 (base 2) to base 3
100022
What is -75 (base 10) in base 13?
-5a
What is -100 (base 2) in base 9?
-4
-353 (base 6) to base 7
-261
Convert 16 (base 15) to base 12.
19
b (base 12) to base 11
10
Convert -1 (base 14) to base 7.
-1
1 (base 14) to base 11
1
-2 (base 3) to base 10
-2
Convert 444 (base 7) to base 16.
e4
Convert -10 (base 5) to base 11.
-5
Convert -24 (base 10) to base 7.
-33
What is 23 (base 4) in base 2?
1011
Convert 10 (base 9) to base 6.
13
What is 80 (base 9) in base 15?
4c
What is -1 (base 12) in base 13?
-1
Convert 0 (base 5) to base 7.
0
What is -21 (base 3) in base 12?
-7
Convert -103 (base 4) to base 9.
-21
What is 11 (base 7) in base 16?
8
What is -3 (base 7) in base 11?
-3
What is 53 (base 8) in base 11?
3a
What is 2 (base 7) in base 2?
10
Convert -24 (base 6) to base 10.
-16
Convert 11 (base 3) to base 13.
4
5 (base 6) to base 4
11
42 (base 13) to base 10
54
-71 (base 8) to base 4
-321
Convert 23 (base 7) to base 5.
32
Convert -3 (base 13) to base 15.
-3
4 (base 11) to base 7
4
-100 (base 2) to base 16
-4
8 (base 11) to base 10
8
Convert -10 (base 12) to base 3.
-110
What is -21202 (base 3) in base 10?
-209
What is -223 (base 4) in base 15?
-2d
What is -6a (base 12) in base 15?
-57
What is -3 (base 5) in base 8?
-3
-3 (base 12) to base 3
-10
What is -3 (base 14) in base 11?
-3
29 (base 14) to base 11
34
What is -206 (base 10) in base 3?
-21122
What is 0 (base 13) in base 12?
0
Convert -18 (base 13) to base 4.
-111
What is -28 (base 11) in base 2?
-11110
Convert -111 (base 7) to base 2.
-111001
-115 (base 14) to base 15
-e5
What is 9 (base 12) in base 9?
10
-8 (base 14) to base 11
-8
What is 85 (base 12) in base 9?
122
Convert 2 (base 3) to base 8.
2
What is -8 (base 13) in base 6?
-12
202 (base 3) to base 8
24
Convert -2 (base 16) to base 2.
-10
Convert -10011 (base 3) to base 11.
-78
12 (base 6) to base 16
8
Convert 14 (base 11) to base 3.
120
-2 (base 7) to base 2
-10
What is -42 (base 5) in base 10?
-22
-101 (base 4) to base 16
-11
What is 48 (base 16) in base 6?
200
What is -10 (base 8) in base 10?
-8
10202 (base 3) to base 13
7a
110 (base 2) to base 3
20
-27 (base 8) to base 4
-113
What is 1 (base 16) in base 11?
1
-21 (base 3) to base 9
-7
Convert 14 (base 11) to base 5.
30
What is 3 (base 10) in base 12?
3
What is 5 (base 7) in base 15?
5
What is -2 (base 10) in base 4?
-2
What is 111 (base 3) in base 9?
14
What is 33 (base 13) in base 10?
42
-10 (base 3) to base 6
-3
What is 6 (base 8) in base 12?
6
Convert -11011 (base 3) to base 15.
-77
What is 1 (base 16) in base 14?
1
Convert 2 (base 8) to base 9.
2
-3 (base 14) to base 8
-3
What is 113 (base 7) in base 14?
43
Convert -121 (base 16) to base 12.
-201
What is 24 (base 6) in base 9?
17
What is -43 (base 9) in base 5?
-124
10a (base 14) to base 11
178
Convert 307 (base 10) to base 9.
371
What is -15 (base 9) in base 6?
-22
-60 (base 9) to base 5
-204
Convert 2 (base 7) to base 14.
2
Convert 12 (base 10) to base 9.
13
Convert -13 (base 5) to base 12.
-8
What is -202 (base 10) in base 11?
-174
Convert -1 (base 15) to base 12.
-1
30 (base 7) to base 11
1a
-122 (base 5) to base 12
-31
What is -111 (base 3) in base 7?
-16
What is -211 (base 3) in base 6?
-34
Convert -8 (base 14) to base 3.
-22
What is 5 (base 7) in base 11?
5
1b (base 14) to base 3
221
What is 11 (base 8) in base 6?
13
Convert 12 (base 5) to base 13.
7
What is 2 (base 7) in base 13?
2
What is 1 (base 7) in base 2?
1
Convert -1 (base 7) to base 8.
-1
What is 15 (base 8) in base 10?
13
8 (base 12) to base 3
22
-1040 (base 5) to base 2
-10010001
Convert -13 (base 5) to base 16.
-8
Convert -2 (base 3) to base 11.
-2
Convert 421 (base 7) to base 12.
157
-10 (base 7) to base 13
-7
-100 (base 3) to base 12
-9
2 (base 14) to base 2
10
25 (base 14) to base 2
100001
Convert 3 (base 5) to base 3.
10
20 (base 9) to base 15
13
4 (base 5) to base 6
4
4 (base 15) to base 6
4
-214 (base 6) to base 12
-6a
Convert 1 (base 11) to base 13.
1
Convert 44 (base 8) to base 11.
33
What is -58 (base 12) in base 2?
-1000100
What is -70 (base 8) in base 15?
-3b
Convert 46 (base 8) to base 3.
1102
Convert 8 (base 14) to base 6.
12
Convert 2 (base 4) to base